a prime number?
False
Suppose 5*s + 3*l = 0, -3*s - l + 2 + 2 = 0. Suppose 80 = -s*p + 1577. Is p prime?
True
Let t = 300 - 119. Let v = 216 + t. Is v a composite number?
False
Let w(m) = -2*m**3 - 7*m**2 - 12*m + 5. Suppose -8*u = 5*u + 52. Is w(u) a composite number?
True
Suppose -7*g - 48 = 8. Let n be g/(-32) - 565/4. Let a = n + 268. Is a a composite number?
False
Let j = -3725 - 8743. Is (j/(-18))/(6/9) prime?
True
Let i = 111 + 717. Suppose -p + 233 + i = 0. Is p composite?
False
Let z(c) = -2*c**3 - 4*c**2 - 3*c - 2. Let o be 4*(2 + -3) + 2. Let y be z(o). Suppose -y*w = -6*w + 1574. Is w a prime number?
True
Suppose -14*k + 18*k = 2836. Is k composite?
False
Is (-1 + -7)/(-16)*265498 a composite number?
False
Let h(g) = 3*g**2 + g - 8. Let q be h(-10). Let u(a) = -a + 7. Let x be u(0). Suppose 5*f + q = x*f. Is f prime?
False
Let d(n) = -7*n**2 - 9*n + 3. Let g(h) = h**2 - 1. Let z(r) = -d(r) - 6*g(r). Is z(-15) a composite number?
True
Let c = 59830 + -32531. Is c a composite number?
False
Suppose 4*o = 5*b - 49603, -8*b - 5*o - 19831 = -10*b. Is b composite?
False
Suppose -9*b + 17 = -10*b. Let q(k) = -20*k - k - 19*k - 3 + 2. Is q(b) composite?
True
Suppose -3*z + 4*u + 110055 = 0, 0 = 4*u - 19 + 7. Is z composite?
True
Let w = 12 + -11. Suppose -2*c = -a + 19, 3*a + 2*c - 18 = -w. Suppose -2*k + 989 = 5*v, 3*k + 0 = -a. Is v prime?
True
Let l be 288/(-60)*(-10)/2. Suppose -5*z - 4*s = -29, 0*s - s = -5*z + l. Suppose -w - 3 = -z. Is w prime?
True
Let h(a) = -a**2 - a. Let x(t) = -10*t**2 + 4*t - 5. Let v(p) = -6*h(p) - x(p). Let o be (1/(10/(-6)))/(2/10). Is v(o) a prime number?
False
Let l = 3078 + -2171. Is l a composite number?
False
Let u(b) = b**3 + 13*b**2 - 11*b - 136. Is u(25) composite?
False
Let b = 5 - 1. Let f be 3/((-6)/b*-2). Is (6 - 7) + 60/f prime?
True
Suppose -3*q = 5*o - 9, q - 5 + 2 = 0. Suppose -3*i + 3416 + 2725 = o. Is i composite?
True
Suppose 2*r - 4083 = 5*m + 22, 0 = -4*r - 4*m + 8196. Suppose 4356 = 2*h - r. Is h a prime number?
True
Suppose -2*v + 34 = 26. Suppose -3063 = -v*m - 5*g, 3*m - g - 3836 = -2*m. Is m a composite number?
True
Let l be 12*4/(-6)*11/(-22). Suppose l*p + 115 - 1643 = 0. Is p prime?
False
Let x(c) = 2*c - 13. Let n(s) = 3*s - 13. Let f(i) = -4*n(i) + 5*x(i). Let a be f(-9). Suppose 0 = 8*q - a*q - 1407. Is q a composite number?
True
Is 4/8 + 13785/10 a composite number?
True
Let y(l) = -11*l**2 + 6*l + 2. Let a(h) = 10*h**2 - 7*h - 2. Let b(n) = 4*a(n) + 5*y(n). Let z be b(-1). Is 819/(-6)*10/z composite?
True
Let o(b) = -23*b - 6. Let l be 3/2*84/18. Suppose -2*n + l = 33. Is o(n) a prime number?
True
Let i(q) = 3*q**2 - 85*q + 113. Is i(36) prime?
True
Suppose -3*q = -2*b - 11, -14 = -2*b - q - q. Suppose 4*l - b*k - 8390 = 0, -5*l + 4*k = 6*k - 10501. Is l a composite number?
False
Suppose 5*x = -15, 69*h - 66*h = -4*x + 16659. Is h composite?
False
Suppose -42*c + 123*c - 6029235 = 0. Is c a composite number?
True
Let y = -164 + 62. Is (-2)/(-17) - (-7 - (-174408)/y) composite?
True
Suppose 2*t + 3 = 5*t. Is 905 - (t/(-1) - 1) a prime number?
True
Let c be (-89)/(-13) + 24/156. Let s be 1/c + (-1175)/(-7). Let p = 297 - s. Is p a prime number?
False
Suppose -5*b + 249 = 3*o, -o + 321 = 3*o + 3*b. Suppose -5*p + 212 = -o. Is p a composite number?
True
Let v(l) = -8 - 6*l + 2*l**3 + 0 + 6*l**2 + 4*l. Let m be v(6). Suppose -n + 5*n = m. Is n composite?
False
Suppose i + 2*i + h + 2 = 0, -5*h = -3*i - 8. Let n(t) = 54*t**2 - 1. Is n(i) a composite number?
False
Let p(l) be the first derivative of -321*l**2/2 + 56*l + 36. Is p(-19) composite?
True
Let b(s) = 4*s + 2. Let w be b(1). Let n(u) = 50*u - 6. Let q be n(w). Suppose 0*o = 6*o - q. Is o a composite number?
True
Let z = -187 + 50. Let i be 0 + (-326 - 1) + -1. Let w = z - i. Is w composite?
False
Suppose x = -4*b + 29646, 4*b - 2*x - 13510 - 16130 = 0. Is b prime?
True
Suppose 5*b + 6 = -14, 5*x + 3*b + 19432 = 0. Let a = x - -5877. Suppose -2*o + 3*k = -800, 0 = -5*o + k + 3*k + a. Is o a prime number?
True
Let b be 2396 + 3/(1 + 2). Suppose -c + 2560 = -p - b, 2*c + 5*p - 9900 = 0. Is c a composite number?
True
Suppose 5*u + 3 = -v - 2*v, -5*v + u - 5 = 0. Let c be 7 - (-3 + v + 1). Let m(x) = 39*x - 13. Is m(c) a prime number?
False
Let z(y) = -2*y**3 - y**2 + y - 3. Let a be z(4). Let b = a - -322. Is b a composite number?
False
Suppose 5*g + 5*l + 47 - 502 = 0, -275 = -3*g - 5*l. Let u = 15 - 38. Let y = g + u. Is y a composite number?
False
Let d = -22774 + 49287. Is d prime?
True
Suppose -3*i - 4*g = -38, -3 - 7 = -2*g. Let n(q) = 124*q - 25. Is n(i) composite?
False
Suppose 13*g - 8*g - 3815 = 0. Suppose q + 5*c - 783 = -q, g = 2*q + c. Is q a composite number?
False
Suppose 0 = 10*g - 20*g + 1230. Is g composite?
True
Is (-4)/34 + -1 + 539664/136 a composite number?
False
Suppose 4*z + 2*q - 20 = 0, 3*z - 4 = -3*q + 11. Suppose -z*j = -5*w + 3*w - 832, 5*w + 669 = 4*j. Is j a composite number?
True
Let y = -2 + 6. Suppose 0 = -5*w + y*z + 1 - 3, -5 = -4*w + z. Let j(i) = 3*i**3 - i**2 - 2*i + 3. Is j(w) prime?
True
Let l = -258 - -4061. Is l a prime number?
True
Let d(j) = -1446*j**3 - j - 1. Let x be d(-1). Let u = x + -2631. Let c = u + 2158. Is c composite?
True
Suppose 0 = -26*k + 17*k + 30501. Is k a composite number?
False
Let t be (-10)/(-25) - 177/5. Is 1778/10 - (-28)/t a prime number?
False
Let g = -36 - 94. Let c = -75 - g. Is c a prime number?
False
Let p(h) = 4*h + 6. Let w be p(-3). Suppose 2*u = -2*u - 12. Is (-119)/u - w/(-9) a prime number?
False
Suppose 0 = -13*a + 39919 + 86740. Is a a composite number?
False
Suppose -5440 = -6*l + l. Suppose u + 2*u - 1080 = 3*t, l = 3*u + t. Suppose 3*v = -2*w + u, -4*w + 6*v + 768 = v. Is w a prime number?
False
Let v(c) = 373*c - 32. Is v(3) prime?
True
Let x = -9754 + 14725. Is x a prime number?
False
Suppose 0 = -4*g, 2*d - 2589 = -d + g. Is d + 0/(-3 - -4) composite?
False
Let u = -21 - -31. Let g(x) = 3*x**3 + 14*x**2 + 8*x + 13. Let f(v) = 4*v**3 + 15*v**2 + 9*v + 13. Let a(i) = -4*f(i) + 5*g(i). Is a(u) prime?
True
Let p = 52 + -52. Suppose p = d, d - 1899 = -3*j - 0*d. Is j a composite number?
True
Suppose -2*v - 5*f = -71, 2*v - v + f = 31. Suppose 0 = -a + 25 + v. Is a a composite number?
False
Let t be (19/2)/((-2)/8). Let x(p) = p**2 + 19*p + 159. Let g be x(-12). Let j = g + t. Is j a prime number?
True
Let k(p) = -2*p**3 + 14*p**2 - 6*p - 2. Is k(6) a composite number?
True
Suppose -4*k = 86821 - 228785. Is k composite?
False
Suppose 2*h = -7*h - 27. Let r(o) be the first derivative of -15*o**4/4 - o**3/3 + 2*o + 1. Is r(h) a composite number?
True
Let n be -5 + (-6433)/(-21) - 2/6. Suppose -q + 5*r + 2 = 191, -5*r + 885 = -5*q. Let v = q + n. Is v prime?
True
Is 287 - (-12)/((-10)/(-5)) prime?
True
Let u(k) = -16*k + 15 + 28 + 6 - 2*k. Is u(-20) a prime number?
True
Let z(c) = -4*c**3 - 5*c**2 + 11. Suppose -l + 8 = 4, 2*l - 32 = 4*o. Let h be z(o). Let n = h + -402. Is n a composite number?
False
Suppose 3*r - 2692 - 8459 = 3*q, r = -3*q + 3725. Is r a prime number?
True
Let j be (-29)/(-58) + 1 + 10/4. Is 3457 - (j - 6)*-2 prime?
False
Let y = 19687 + 8514. Is y composite?
False
Let m(l) = -241*l + 3. Suppose 35 - 95 = 6*z. Is m(z) a prime number?
False
Suppose -2*v + 5*v - 2805 = 0. Suppose -4*n = i + 4*i - 937, 0 = -4*n - 3*i + v. Is n composite?
False
Let v = -18 - -21. Suppose -2*b - 4497 = -3*z, -v*b + 0*b + 5*z = 6745. Let u = b + 3205. Is u prime?
False
Let m = -23 - -38. Is 2/m - 23015/(-75) prime?
True
Suppose 6*u = -8 + 38. Let g(l) = 3*l - u + l + 0*l + 16*l**2. Is g(4) a prime number?
False
Let f(c) = -4*c - 10. Let l be f(-8). Let d = 25 - l. Let m = d - -7. Is m a prime number?
False
Let p = 60404 - 40783. Is p composite?
True
Suppose -5*r - 4*t = 575 + 80, 4*r + 5*t + 515 = 0. Suppose z = 0, 5*x + 3*z - z = 260. Let s = x - r. Is s composite?
True
Let r(o) = -o**2 - 2*o + 18. Let c be r(-5). Let j be 2/(-11) + (-22926)/(-11). Suppose -a + j = c*a. Is a a prime number?
True
Let g = -29 - -14. Let z = g + 15. Suppose i - 2*i + 211 = z. Is i prime?
True
Let m = 10 - 2. Let w(q) = q**3 - 2*q**2 - 9*q + 10. Let d be w(m). Is (d/(-3))/((-2)/3) composite?
True
Let x be 18/4 + 14/28. Suppose -10*r + x*r + 2055 = 0. Is r a composit